{"id":17571,"date":"2025-09-16T17:11:18","date_gmt":"2025-09-16T20:11:18","guid":{"rendered":"https:\/\/www.festivaldecircodobrasil.com.br\/2025\/?page_id=17571"},"modified":"2025-09-29T09:57:52","modified_gmt":"2025-09-29T12:57:52","slug":"presse","status":"publish","type":"page","link":"https:\/\/www.festivaldecircodobrasil.com.br\/2025\/presse\/","title":{"rendered":"Presse"},"content":{"rendered":"<p><strong>INFORMATIONS POUR LA PRESSE:<br \/>\n<\/strong><strong><em>Luni Produ\u00e7\u00f5es<\/em><br \/>\n<\/strong>Juliana Salvador<br \/>\n+ 55 81 99195-5154 | julianasalvador@gmail.com<\/p>\n<p>__________________________________________<\/p>\n<p><strong>Mat\u00e9riel \u00e0 t\u00e9l\u00e8charger:\u00a0<\/strong><\/p>\n<p><em>Photos:<br \/>\n<a href=\"https:\/\/drive.google.com\/drive\/folders\/1fnaUgc--58G0azW_MQkKclE9he3LMgkU?usp=sharing\">Programme Saison Br\u00e9sil-France 2025 (Toulouse)<\/a><\/p>\n<p>Communiqu\u00e9 de presse:<\/em><\/p>\n<p>[en portuguais]<br \/>\n<a href=\"https:\/\/drive.google.com\/file\/d\/1yW3EXujueB4AxbNy96e1nxA5FbXrIokd\/view?usp=sharing\">Release &gt;&gt; FESTIVAL DE CIRCO DO BRASIL GANHA PROGRAMA\u00c7\u00c3O NA FRAN\u00c7A<\/a><br \/>\n<a href=\"https:\/\/docs.google.com\/document\/d\/1vnoDophg4qvbtx8Qg8qw4jA6B9FfJB_6xpge03ZscMY\/edit?usp=sharing\">Release &gt;&gt; FESTIVAL DE CIRCO DO BRASIL INICIA PROGRAMA\u00c7\u00c3O CULTURAL EM TOULOUSE<\/a><b><br \/>\n<\/b><\/p>\n<p>[en fran\u00e7ais]<br \/>\n<a href=\"https:\/\/drive.google.com\/file\/d\/1mSFRKJ6MWoM5SndCFaejV1AmskVQD4an\/view?usp=sharing\">Communiqu\u00e9 de presse &gt;&gt; LE FESTIVAL DE CIRQUE DU BR\u00c9SIL GAGNE UNE PROGRAMMATION EN FRANCE<\/a><\/p>\n","protected":false},"excerpt":{"rendered":"<p>INFORMATIONS POUR LA PRESSE: Luni Produ\u00e7\u00f5es Juliana Salvador + 55 81 99195-5154 | julianasalvador@gmail.com __________________________________________ Mat\u00e9riel \u00e0 t\u00e9l\u00e8charger:\u00a0 Photos: Programme Saison Br\u00e9sil-France 2025 (Toulouse) Communiqu\u00e9 de presse: [en portuguais] Release &gt;&gt; FESTIVAL DE CIRCO DO BRASIL GANHA PROGRAMA\u00c7\u00c3O NA FRAN\u00c7A Release &gt;&gt; FESTIVAL DE CIRCO DO BRASIL INICIA PROGRAMA\u00c7\u00c3O CULTURAL <a class=\"leiamais\" href=\"https:\/\/www.festivaldecircodobrasil.com.br\/2025\/presse\/\">LER NOT\u00cdCIA<\/a><\/p>\n","protected":false},"author":1,"featured_media":0,"parent":0,"menu_order":0,"comment_status":"closed","ping_status":"closed","template":"","meta":{"_acf_changed":false,"footnotes":""},"class_list":["post-17571","page","type-page","status-publish","hentry","active"],"acf":[],"_links":{"self":[{"href":"https:\/\/www.festivaldecircodobrasil.com.br\/2025\/wp-json\/wp\/v2\/pages\/17571","targetHints":{"allow":["GET"]}}],"collection":[{"href":"https:\/\/www.festivaldecircodobrasil.com.br\/2025\/wp-json\/wp\/v2\/pages"}],"about":[{"href":"https:\/\/www.festivaldecircodobrasil.com.br\/2025\/wp-json\/wp\/v2\/types\/page"}],"author":[{"embeddable":true,"href":"https:\/\/www.festivaldecircodobrasil.com.br\/2025\/wp-json\/wp\/v2\/users\/1"}],"replies":[{"embeddable":true,"href":"https:\/\/www.festivaldecircodobrasil.com.br\/2025\/wp-json\/wp\/v2\/comments?post=17571"}],"version-history":[{"count":10,"href":"https:\/\/www.festivaldecircodobrasil.com.br\/2025\/wp-json\/wp\/v2\/pages\/17571\/revisions"}],"predecessor-version":[{"id":17601,"href":"https:\/\/www.festivaldecircodobrasil.com.br\/2025\/wp-json\/wp\/v2\/pages\/17571\/revisions\/17601"}],"wp:attachment":[{"href":"https:\/\/www.festivaldecircodobrasil.com.br\/2025\/wp-json\/wp\/v2\/media?parent=17571"}],"curies":[{"name":"wp","href":"https:\/\/api.w.org\/{rel}","templated":true}]}}

<p><strong>INFORMATIONS POUR LA PRESSE:<br />
</strong><strong><em>Luni Produções</em><br />
</strong>Juliana Salvador<br />
+ 55 81 99195-5154 | julianasalvador@gmail.com</p>
<p>__________________________________________</p>
<p><strong>Matériel à télècharger: </strong></p>
<p><em>Photos:<br />
<a href="https://drive.google.com/drive/folders/1fnaUgc--58G0azW_MQkKclE9he3LMgkU?usp=sharing">Programme Saison Brésil-France 2025 (Toulouse)</a></p>
<p>Communiqué de presse:</em></p>
<p>[en portuguais]<br />
<a href="https://drive.google.com/file/d/1yW3EXujueB4AxbNy96e1nxA5FbXrIokd/view?usp=sharing">Release &gt;&gt; FESTIVAL DE CIRCO DO BRASIL GANHA PROGRAMAÇÃO NA FRANÇA</a><br />
<a href="https://docs.google.com/document/d/1vnoDophg4qvbtx8Qg8qw4jA6B9FfJB_6xpge03ZscMY/edit?usp=sharing">Release &gt;&gt; FESTIVAL DE CIRCO DO BRASIL INICIA PROGRAMAÇÃO CULTURAL EM TOULOUSE</a><b><br />
</b></p>
<p>[en français]<br />
<a href="https://drive.google.com/file/d/1mSFRKJ6MWoM5SndCFaejV1AmskVQD4an/view?usp=sharing">Communiqué de presse &gt;&gt; LE FESTIVAL DE CIRQUE DU BRÉSIL GAGNE UNE PROGRAMMATION EN FRANCE</a></p>

<p>INFORMATIONS POUR LA PRESSE: Luni Produções Juliana Salvador + 55 81 99195-5154 | julianasalvador@gmail.com __________________________________________ Matériel à télècharger:  Photos: Programme Saison Brésil-France 2025 (Toulouse) Communiqué de presse: [en portuguais] Release &gt;&gt; FESTIVAL DE CIRCO DO BRASIL GANHA PROGRAMAÇÃO NA FRANÇA Release &gt;&gt; FESTIVAL DE CIRCO DO BRASIL INICIA PROGRAMAÇÃO CULTURAL <a class="leiamais" href="https://www.festivaldecircodobrasil.com.br/2025/presse/">LER NOTÍCIA</a></p>
