{"id":7667,"date":"2023-10-18T17:30:50","date_gmt":"2023-10-18T20:30:50","guid":{"rendered":"https:\/\/www.festivaldecircodobrasil.com.br\/2025\/?page_id=7667"},"modified":"2025-09-21T22:02:26","modified_gmt":"2025-09-22T01:02:26","slug":"quem-faz","status":"publish","type":"page","link":"https:\/\/www.festivaldecircodobrasil.com.br\/2025\/quem-faz\/","title":{"rendered":"L\u2019\u00c9QUIPE"},"content":{"rendered":"<p><strong>Conceptualisation &#8211;<\/strong>\u00a0Danielle Hoover et <span style=\"font-weight: 400;\">H\u00e9l\u00e8ne M\u00e9taili\u00e9<br \/>\n<\/span><strong>Production g\u00e9n\u00e9rale<\/strong> &#8211; <a href=\"#\">Danielle Hoover <\/a>et<a href=\"#\"> Karina Hoover<\/a><br \/>\n<strong>Production ex\u00e9cutive<\/strong> &#8211; <a href=\"https:\/\/luni.com.br\/\" target=\"_blank\" rel=\"noopener\">Luni Produ\u00e7\u00f5es<\/a><br \/>\n<strong>Production<\/strong>\u00a0&#8211; <a href=\"#https:\/\/www.linkedin.com\/in\/kari-lopes-bba25b160\/\">Kayse Braga et Kari Lopes<\/a><br \/>\n<strong>Coordination de la communication<\/strong> &#8211; <a href=\"https:\/\/www.linkedin.com\/in\/julianasalvador\/?fbclid=PAZXh0bgNhZW0CMTEAAadRvb5wZMfMFhKR7vYPhYqfW2stof6tawNV3zPeA7x7UCtm-cRR0yrJg04jaQ_aem_z8ghV0azq8yiOd4_nrII4Q&amp;originalSubdomain=br\" target=\"_blank\" rel=\"noopener\">Juliana Salvador<\/a><br \/>\n<strong>Communication num\u00e9rique<\/strong> &#8211; <a href=\"https:\/\/w3designer.com.br\/\" target=\"_blank\" rel=\"noopener\">W3 Designer<\/a><br \/>\n<strong>Service de presse<\/strong> &#8211; <a href=\"https:\/\/www.linkedin.com\/in\/julianasalvador\/?fbclid=PAZXh0bgNhZW0CMTEAAadRvb5wZMfMFhKR7vYPhYqfW2stof6tawNV3zPeA7x7UCtm-cRR0yrJg04jaQ_aem_z8ghV0azq8yiOd4_nrII4Q&amp;originalSubdomain=br\" target=\"_blank\" rel=\"noopener\">Juliana Salvador<\/a><br \/>\n<strong>Ilustration<\/strong> &#8211; Raoni Assis<br \/>\n<strong>Identit\u00e9 visuelle<\/strong> &#8211; Paulo Cabral<br \/>\n<strong>Conception Grapique<\/strong> &#8211; Paulo Cabral e Filipe Aca<br \/>\n<strong>Audiovisuel<\/strong> &#8211; Ronny Collors e Simon Santos<\/p>\n","protected":false},"excerpt":{"rendered":"<p>Conceptualisation &#8211;\u00a0Danielle Hoover et H\u00e9l\u00e8ne M\u00e9taili\u00e9 Production g\u00e9n\u00e9rale &#8211; Danielle Hoover et Karina Hoover Production ex\u00e9cutive &#8211; Luni Produ\u00e7\u00f5es Production\u00a0&#8211; Kayse Braga et Kari Lopes Coordination de la communication &#8211; Juliana Salvador Communication num\u00e9rique &#8211; W3 Designer Service de presse &#8211; Juliana Salvador Ilustration &#8211; Raoni Assis Identit\u00e9 visuelle &#8211; <a class=\"leiamais\" href=\"https:\/\/www.festivaldecircodobrasil.com.br\/2025\/quem-faz\/\">LER NOT\u00cdCIA<\/a><\/p>\n","protected":false},"author":1,"featured_media":0,"parent":0,"menu_order":0,"comment_status":"closed","ping_status":"closed","template":"","meta":{"_acf_changed":false,"footnotes":""},"class_list":["post-7667","page","type-page","status-publish","hentry","active"],"acf":[],"_links":{"self":[{"href":"https:\/\/www.festivaldecircodobrasil.com.br\/2025\/wp-json\/wp\/v2\/pages\/7667","targetHints":{"allow":["GET"]}}],"collection":[{"href":"https:\/\/www.festivaldecircodobrasil.com.br\/2025\/wp-json\/wp\/v2\/pages"}],"about":[{"href":"https:\/\/www.festivaldecircodobrasil.com.br\/2025\/wp-json\/wp\/v2\/types\/page"}],"author":[{"embeddable":true,"href":"https:\/\/www.festivaldecircodobrasil.com.br\/2025\/wp-json\/wp\/v2\/users\/1"}],"replies":[{"embeddable":true,"href":"https:\/\/www.festivaldecircodobrasil.com.br\/2025\/wp-json\/wp\/v2\/comments?post=7667"}],"version-history":[{"count":5,"href":"https:\/\/www.festivaldecircodobrasil.com.br\/2025\/wp-json\/wp\/v2\/pages\/7667\/revisions"}],"predecessor-version":[{"id":17541,"href":"https:\/\/www.festivaldecircodobrasil.com.br\/2025\/wp-json\/wp\/v2\/pages\/7667\/revisions\/17541"}],"wp:attachment":[{"href":"https:\/\/www.festivaldecircodobrasil.com.br\/2025\/wp-json\/wp\/v2\/media?parent=7667"}],"curies":[{"name":"wp","href":"https:\/\/api.w.org\/{rel}","templated":true}]}}

L’ÉQUIPE

<p><strong>Conceptualisation &#8211;</strong> Danielle Hoover et <span style="font-weight: 400;">Hélène Métailié<br />
</span><strong>Production générale</strong> &#8211; <a href="#">Danielle Hoover </a>et<a href="#"> Karina Hoover</a><br />
<strong>Production exécutive</strong> &#8211; <a href="https://luni.com.br/" target="_blank" rel="noopener">Luni Produções</a><br />
<strong>Production</strong> &#8211; <a href="#https://www.linkedin.com/in/kari-lopes-bba25b160/">Kayse Braga et Kari Lopes</a><br />
<strong>Coordination de la communication</strong> &#8211; <a href="https://www.linkedin.com/in/julianasalvador/?fbclid=PAZXh0bgNhZW0CMTEAAadRvb5wZMfMFhKR7vYPhYqfW2stof6tawNV3zPeA7x7UCtm-cRR0yrJg04jaQ_aem_z8ghV0azq8yiOd4_nrII4Q&amp;originalSubdomain=br" target="_blank" rel="noopener">Juliana Salvador</a><br />
<strong>Communication numérique</strong> &#8211; <a href="https://w3designer.com.br/" target="_blank" rel="noopener">W3 Designer</a><br />
<strong>Service de presse</strong> &#8211; <a href="https://www.linkedin.com/in/julianasalvador/?fbclid=PAZXh0bgNhZW0CMTEAAadRvb5wZMfMFhKR7vYPhYqfW2stof6tawNV3zPeA7x7UCtm-cRR0yrJg04jaQ_aem_z8ghV0azq8yiOd4_nrII4Q&amp;originalSubdomain=br" target="_blank" rel="noopener">Juliana Salvador</a><br />
<strong>Ilustration</strong> &#8211; Raoni Assis<br />
<strong>Identité visuelle</strong> &#8211; Paulo Cabral<br />
<strong>Conception Grapique</strong> &#8211; Paulo Cabral e Filipe Aca<br />
<strong>Audiovisuel</strong> &#8211; Ronny Collors e Simon Santos</p>

<p>Conceptualisation &#8211; Danielle Hoover et Hélène Métailié Production générale &#8211; Danielle Hoover et Karina Hoover Production exécutive &#8211; Luni Produções Production &#8211; Kayse Braga et Kari Lopes Coordination de la communication &#8211; Juliana Salvador Communication numérique &#8211; W3 Designer Service de presse &#8211; Juliana Salvador Ilustration &#8211; Raoni Assis Identité visuelle &#8211; <a class="leiamais" href="https://www.festivaldecircodobrasil.com.br/2025/quem-faz/">LER NOTÍCIA</a></p>
