{"id":17312,"date":"2025-08-24T09:15:29","date_gmt":"2025-08-24T12:15:29","guid":{"rendered":"https:\/\/www.festivaldecircodobrasil.com.br\/2025bra\/?page_id=17312"},"modified":"2025-09-18T18:49:51","modified_gmt":"2025-09-18T21:49:51","slug":"brasil-franca","status":"publish","type":"page","link":"https:\/\/www.festivaldecircodobrasil.com.br\/2025bra\/brasil-franca\/","title":{"rendered":"BRASIL-FRAN\u00c7A"},"content":{"rendered":"<p>A itiner\u00e2ncia \u00e9 uma caracter\u00edstica do circo desde sua cria\u00e7\u00e3o. A arte circense se espalha e se distribui por diferentes regi\u00f5es, cidades e at\u00e9 pa\u00edses. Focado em transcender territ\u00f3rios e promover o interc\u00e2mbio das artes circenses e a difus\u00e3o cultural no mundo, o Festival de Circo do Brasil (FCB) se uniu ao Festival Europeia de Circo e vai aportar em Toulouse, cidade do sul da Fran\u00e7a, para levar artistas brasileiros para apresenta\u00e7\u00f5es especiais e estreias internacionais, de 17 a 28 de setembro.<\/p>\n<p>Atrav\u00e9s da Temporada Cruzada Brasil-Fran\u00e7a 2025, a 19\u00aa edi\u00e7\u00e3o do Festival de Circo do Brasil e a 11\u00aa edi\u00e7\u00e3o do Europeia de Circo v\u00e3o misturar seus sotaques brasileiro e franc\u00eas e promover\u00e3o uma programa\u00e7\u00e3o franco-brasileira do circo contempor\u00e2neo, envolvida em narrativas urgentes da sociedade atual e dialogando com outras linguagens art\u00edsticas.<\/p>\n<p>A coopera\u00e7\u00e3o internacional ser\u00e1 destacada por meio de uma oferta art\u00edstica brasileira e europeia t\u00e3o diversa quanto \u00fanica! Uma oportunidade singular de reafirmar a import\u00e2ncia da diversidade e da sustentabilidade nas artes e na cria\u00e7\u00e3o cultural.<\/p>\n<p>&nbsp;<\/p>\n<p><b>Temporada Cruzada Brasil-Fran\u00e7a 2025<\/b><\/p>\n<p>Lan\u00e7ada por Emmanuel Macron e Luiz In\u00e1cio Lula da Silva, a Temporada Cruzada Brasil-Fran\u00e7a 2025 \/ Saison Crois\u00e9e Br\u00e9sil-France 2025 celebra os 200 anos de rela\u00e7\u00f5es bilaterais e tem como objetivo fortalecer os la\u00e7os entre os dois pa\u00edses. Estruturada em torno de tr\u00eas grandes eixos \u2014 Clima e Transi\u00e7\u00e3o Ecol\u00f3gica; Diversidade das Sociedades e Di\u00e1logo com a \u00c1frica; Democracia e Estado de Direito \u2014, a iniciativa tamb\u00e9m busca dinamizar a coopera\u00e7\u00e3o em \u00e1reas como cultura, economia, pesquisa, educa\u00e7\u00e3o e esporte, com aten\u00e7\u00e3o especial \u00e0 juventude e aos interc\u00e2mbios profissionais.<\/p>\n<p>A temporada ocorrer\u00e1 entre abril e setembro de 2025 na Fran\u00e7a e entre agosto e dezembro do mesmo ano no Brasil.<\/p>\n<p>A realiza\u00e7\u00e3o \u00e9 coordenada por:<\/p>\n<ul>\n<li aria-level=\"1\">No Brasil: Instituto Guimar\u00e3es Rosa, sob a supervis\u00e3o do Minist\u00e9rio das Rela\u00e7\u00f5es Exteriores, do Minist\u00e9rio da Cultura, da Embaixada do Brasil na Fran\u00e7a e do Comissariado Brasileiro, a cargo de Emilio Kalil.<\/li>\n<li aria-level=\"1\">Na Fran\u00e7a: Instituto Franc\u00eas, com o apoio do Minist\u00e9rio da Europa e dos Assuntos Exteriores, do Minist\u00e9rio da Cultura, da Embaixada da Fran\u00e7a no Brasil e do Comissariado Franc\u00eas, sob responsabilidade de Anne Louyot.<\/li>\n<\/ul>\n<p>&nbsp;<\/p>\n","protected":false},"excerpt":{"rendered":"<p>A itiner\u00e2ncia \u00e9 uma caracter\u00edstica do circo desde sua cria\u00e7\u00e3o. A arte circense se espalha e se distribui por diferentes regi\u00f5es, cidades e at\u00e9 pa\u00edses. Focado em transcender territ\u00f3rios e promover o interc\u00e2mbio das artes circenses e a difus\u00e3o cultural no mundo, o Festival de Circo do Brasil (FCB) se <a class=\"leiamais\" href=\"https:\/\/www.festivaldecircodobrasil.com.br\/2025bra\/brasil-franca\/\">LER NOT\u00cdCIA<\/a><\/p>\n","protected":false},"author":1,"featured_media":0,"parent":0,"menu_order":0,"comment_status":"closed","ping_status":"closed","template":"","meta":{"_acf_changed":false,"footnotes":""},"class_list":["post-17312","page","type-page","status-publish","hentry","active"],"acf":[],"_links":{"self":[{"href":"https:\/\/www.festivaldecircodobrasil.com.br\/2025bra\/wp-json\/wp\/v2\/pages\/17312","targetHints":{"allow":["GET"]}}],"collection":[{"href":"https:\/\/www.festivaldecircodobrasil.com.br\/2025bra\/wp-json\/wp\/v2\/pages"}],"about":[{"href":"https:\/\/www.festivaldecircodobrasil.com.br\/2025bra\/wp-json\/wp\/v2\/types\/page"}],"author":[{"embeddable":true,"href":"https:\/\/www.festivaldecircodobrasil.com.br\/2025bra\/wp-json\/wp\/v2\/users\/1"}],"replies":[{"embeddable":true,"href":"https:\/\/www.festivaldecircodobrasil.com.br\/2025bra\/wp-json\/wp\/v2\/comments?post=17312"}],"version-history":[{"count":0,"href":"https:\/\/www.festivaldecircodobrasil.com.br\/2025bra\/wp-json\/wp\/v2\/pages\/17312\/revisions"}],"wp:attachment":[{"href":"https:\/\/www.festivaldecircodobrasil.com.br\/2025bra\/wp-json\/wp\/v2\/media?parent=17312"}],"curies":[{"name":"wp","href":"https:\/\/api.w.org\/{rel}","templated":true}]}}

BRASIL-FRANÇA

<p>A itinerância é uma característica do circo desde sua criação. A arte circense se espalha e se distribui por diferentes regiões, cidades e até países. Focado em transcender territórios e promover o intercâmbio das artes circenses e a difusão cultural no mundo, o Festival de Circo do Brasil (FCB) se uniu ao Festival Europeia de Circo e vai aportar em Toulouse, cidade do sul da França, para levar artistas brasileiros para apresentações especiais e estreias internacionais, de 17 a 28 de setembro.</p>
<p>Através da Temporada Cruzada Brasil-França 2025, a 19ª edição do Festival de Circo do Brasil e a 11ª edição do Europeia de Circo vão misturar seus sotaques brasileiro e francês e promoverão uma programação franco-brasileira do circo contemporâneo, envolvida em narrativas urgentes da sociedade atual e dialogando com outras linguagens artísticas.</p>
<p>A cooperação internacional será destacada por meio de uma oferta artística brasileira e europeia tão diversa quanto única! Uma oportunidade singular de reafirmar a importância da diversidade e da sustentabilidade nas artes e na criação cultural.</p>
<p>&nbsp;</p>
<p><b>Temporada Cruzada Brasil-França 2025</b></p>
<p>Lançada por Emmanuel Macron e Luiz Inácio Lula da Silva, a Temporada Cruzada Brasil-França 2025 / Saison Croisée Brésil-France 2025 celebra os 200 anos de relações bilaterais e tem como objetivo fortalecer os laços entre os dois países. Estruturada em torno de três grandes eixos — Clima e Transição Ecológica; Diversidade das Sociedades e Diálogo com a África; Democracia e Estado de Direito —, a iniciativa também busca dinamizar a cooperação em áreas como cultura, economia, pesquisa, educação e esporte, com atenção especial à juventude e aos intercâmbios profissionais.</p>
<p>A temporada ocorrerá entre abril e setembro de 2025 na França e entre agosto e dezembro do mesmo ano no Brasil.</p>
<p>A realização é coordenada por:</p>
<ul>
<li aria-level="1">No Brasil: Instituto Guimarães Rosa, sob a supervisão do Ministério das Relações Exteriores, do Ministério da Cultura, da Embaixada do Brasil na França e do Comissariado Brasileiro, a cargo de Emilio Kalil.</li>
<li aria-level="1">Na França: Instituto Francês, com o apoio do Ministério da Europa e dos Assuntos Exteriores, do Ministério da Cultura, da Embaixada da França no Brasil e do Comissariado Francês, sob responsabilidade de Anne Louyot.</li>
</ul>
<p>&nbsp;</p>

<p>A itinerância é uma característica do circo desde sua criação. A arte circense se espalha e se distribui por diferentes regiões, cidades e até países. Focado em transcender territórios e promover o intercâmbio das artes circenses e a difusão cultural no mundo, o Festival de Circo do Brasil (FCB) se <a class="leiamais" href="https://www.festivaldecircodobrasil.com.br/2025bra/brasil-franca/">LER NOTÍCIA</a></p>
