{"id":17574,"date":"2025-09-26T21:18:16","date_gmt":"2025-09-27T00:18:16","guid":{"rendered":"https:\/\/www.festivaldecircodobrasil.com.br\/2025bra\/?page_id=17574"},"modified":"2025-09-29T09:55:46","modified_gmt":"2025-09-29T12:55:46","slug":"imprensa","status":"publish","type":"page","link":"https:\/\/www.festivaldecircodobrasil.com.br\/2025bra\/imprensa\/","title":{"rendered":"Imprensa"},"content":{"rendered":"<p><strong>INFORMA\u00c7\u00d5ES PARA IMPRENSA<br \/>\n<\/strong><strong><em>Luni Produ\u00e7\u00f5es<\/em><br \/>\n<\/strong>Juliana Salvador<br \/>\n+ 55 81 99195-5154 | julianasalvador@gmail.com<\/p>\n<p>__________________________________________<\/p>\n<p><strong>Material para download:<\/strong><\/p>\n<p><em>Photos:<br \/>\n<a href=\"https:\/\/drive.google.com\/drive\/folders\/1fnaUgc--58G0azW_MQkKclE9he3LMgkU?usp=sharing\" target=\"_blank\" rel=\"noopener\">Programme Saison Br\u00e9sil-France 2025 (Toulouse)<\/a><br \/>\n<\/em><\/p>\n<p><em>Releases:<br \/>\n<\/em>[em portugu\u00eas]<br \/>\n<a href=\"https:\/\/drive.google.com\/file\/d\/1yW3EXujueB4AxbNy96e1nxA5FbXrIokd\/view?usp=sharing\" target=\"_blank\" rel=\"noopener\">Release &gt;&gt; FESTIVAL DE CIRCO DO BRASIL GANHA PROGRAMA\u00c7\u00c3O NA FRAN\u00c7A<\/a><br \/>\n<a href=\"https:\/\/docs.google.com\/document\/d\/1vnoDophg4qvbtx8Qg8qw4jA6B9FfJB_6xpge03ZscMY\/edit?usp=sharing\" target=\"_blank\" rel=\"noopener\">Release &gt;&gt; FESTIVAL DE CIRCO DO BRASIL INICIA PROGRAMA\u00c7\u00c3O CULTURAL EM TOULOUSE<\/a><b><br \/>\n<\/b><\/p>\n<p>[em franc\u00eas]<br \/>\n<a href=\"https:\/\/drive.google.com\/file\/d\/1mSFRKJ6MWoM5SndCFaejV1AmskVQD4an\/view?usp=sharing\" target=\"_blank\" rel=\"noopener\">Communiqu\u00e9 de presse &gt;&gt; LE FESTIVAL DE CIRQUE DU BR\u00c9SIL GAGNE UNE PROGRAMMATION EN FRANCE<\/a><\/p>\n","protected":false},"excerpt":{"rendered":"<p>INFORMA\u00c7\u00d5ES PARA IMPRENSA Luni Produ\u00e7\u00f5es Juliana Salvador + 55 81 99195-5154 | julianasalvador@gmail.com __________________________________________ Material para download: Photos: Programme Saison Br\u00e9sil-France 2025 (Toulouse) Releases: [em portugu\u00eas] Release &gt;&gt; FESTIVAL DE CIRCO DO BRASIL GANHA PROGRAMA\u00c7\u00c3O NA FRAN\u00c7A Release &gt;&gt; FESTIVAL DE CIRCO DO BRASIL INICIA PROGRAMA\u00c7\u00c3O CULTURAL EM TOULOUSE [em <a class=\"leiamais\" href=\"https:\/\/www.festivaldecircodobrasil.com.br\/2025bra\/imprensa\/\">LER NOT\u00cdCIA<\/a><\/p>\n","protected":false},"author":1,"featured_media":0,"parent":0,"menu_order":0,"comment_status":"closed","ping_status":"closed","template":"","meta":{"_acf_changed":false,"footnotes":""},"class_list":["post-17574","page","type-page","status-publish","hentry","active"],"acf":[],"_links":{"self":[{"href":"https:\/\/www.festivaldecircodobrasil.com.br\/2025bra\/wp-json\/wp\/v2\/pages\/17574","targetHints":{"allow":["GET"]}}],"collection":[{"href":"https:\/\/www.festivaldecircodobrasil.com.br\/2025bra\/wp-json\/wp\/v2\/pages"}],"about":[{"href":"https:\/\/www.festivaldecircodobrasil.com.br\/2025bra\/wp-json\/wp\/v2\/types\/page"}],"author":[{"embeddable":true,"href":"https:\/\/www.festivaldecircodobrasil.com.br\/2025bra\/wp-json\/wp\/v2\/users\/1"}],"replies":[{"embeddable":true,"href":"https:\/\/www.festivaldecircodobrasil.com.br\/2025bra\/wp-json\/wp\/v2\/comments?post=17574"}],"version-history":[{"count":4,"href":"https:\/\/www.festivaldecircodobrasil.com.br\/2025bra\/wp-json\/wp\/v2\/pages\/17574\/revisions"}],"predecessor-version":[{"id":17578,"href":"https:\/\/www.festivaldecircodobrasil.com.br\/2025bra\/wp-json\/wp\/v2\/pages\/17574\/revisions\/17578"}],"wp:attachment":[{"href":"https:\/\/www.festivaldecircodobrasil.com.br\/2025bra\/wp-json\/wp\/v2\/media?parent=17574"}],"curies":[{"name":"wp","href":"https:\/\/api.w.org\/{rel}","templated":true}]}}

<p><strong>INFORMAÇÕES PARA IMPRENSA<br />
</strong><strong><em>Luni Produções</em><br />
</strong>Juliana Salvador<br />
+ 55 81 99195-5154 | julianasalvador@gmail.com</p>
<p>__________________________________________</p>
<p><strong>Material para download:</strong></p>
<p><em>Photos:<br />
<a href="https://drive.google.com/drive/folders/1fnaUgc--58G0azW_MQkKclE9he3LMgkU?usp=sharing" target="_blank" rel="noopener">Programme Saison Brésil-France 2025 (Toulouse)</a><br />
</em></p>
<p><em>Releases:<br />
</em>[em português]<br />
<a href="https://drive.google.com/file/d/1yW3EXujueB4AxbNy96e1nxA5FbXrIokd/view?usp=sharing" target="_blank" rel="noopener">Release &gt;&gt; FESTIVAL DE CIRCO DO BRASIL GANHA PROGRAMAÇÃO NA FRANÇA</a><br />
<a href="https://docs.google.com/document/d/1vnoDophg4qvbtx8Qg8qw4jA6B9FfJB_6xpge03ZscMY/edit?usp=sharing" target="_blank" rel="noopener">Release &gt;&gt; FESTIVAL DE CIRCO DO BRASIL INICIA PROGRAMAÇÃO CULTURAL EM TOULOUSE</a><b><br />
</b></p>
<p>[em francês]<br />
<a href="https://drive.google.com/file/d/1mSFRKJ6MWoM5SndCFaejV1AmskVQD4an/view?usp=sharing" target="_blank" rel="noopener">Communiqué de presse &gt;&gt; LE FESTIVAL DE CIRQUE DU BRÉSIL GAGNE UNE PROGRAMMATION EN FRANCE</a></p>

<p>INFORMAÇÕES PARA IMPRENSA Luni Produções Juliana Salvador + 55 81 99195-5154 | julianasalvador@gmail.com __________________________________________ Material para download: Photos: Programme Saison Brésil-France 2025 (Toulouse) Releases: [em português] Release &gt;&gt; FESTIVAL DE CIRCO DO BRASIL GANHA PROGRAMAÇÃO NA FRANÇA Release &gt;&gt; FESTIVAL DE CIRCO DO BRASIL INICIA PROGRAMAÇÃO CULTURAL EM TOULOUSE [em <a class="leiamais" href="https://www.festivaldecircodobrasil.com.br/2025bra/imprensa/">LER NOTÍCIA</a></p>
