{"id":7667,"date":"2023-10-18T17:30:50","date_gmt":"2023-10-18T20:30:50","guid":{"rendered":"https:\/\/www.festivaldecircodobrasil.com.br\/2025bra\/?page_id=7667"},"modified":"2025-11-10T17:11:15","modified_gmt":"2025-11-10T20:11:15","slug":"quem-faz","status":"publish","type":"page","link":"https:\/\/www.festivaldecircodobrasil.com.br\/2025bra\/quem-faz\/","title":{"rendered":"Quem faz"},"content":{"rendered":"<p style=\"text-align: left;\"><span style=\"font-weight: 400;\">Curadoria e Dire\u00e7\u00e3o Geral: <\/span><b>Danielle Hoover<\/b><\/p>\n<p style=\"text-align: left;\"><span style=\"font-weight: 400;\">Dire\u00e7\u00e3o de Produ\u00e7\u00e3o e Coordena\u00e7\u00e3o T\u00e9cnica:<\/span><b> Karina Hoover<\/b><\/p>\n<p style=\"text-align: left;\"><span style=\"font-weight: 400;\">Produ\u00e7\u00e3o Executiva: <\/span><b>Luni Produ\u00e7\u00f5es<\/b><\/p>\n<p style=\"text-align: left;\"><span style=\"font-weight: 400;\">Coordena\u00e7\u00e3o de Projetos Internacionais:<\/span><b> Jean-Marc\u00a0Broqua e H\u00e9l\u00e8ne\u00a0M\u00e9taili\u00e9<\/b><\/p>\n<p style=\"text-align: left;\"><span style=\"font-weight: 400;\">Produ\u00e7\u00e3o de Log\u00edstica e base: <\/span><b>Kari Lopes e Kayse Braga<\/b><\/p>\n<p style=\"text-align: left;\"><span style=\"font-weight: 400;\">Produ\u00e7\u00e3o do Centro Apolo-Hermilo e Parque Santana: <\/span><b>Mirelly<\/b> <b>Madah<\/b><\/p>\n<p style=\"text-align: left;\"><span style=\"font-weight: 400;\">Coordena\u00e7\u00e3o T\u00e9cnica Circense: <\/span><b>B\u00f3ris Trindade Jr.<\/b><\/p>\n<p style=\"text-align: left;\"><span style=\"font-weight: 400;\">Montagem circense:<\/span><b> Eduardo Autran<\/b><\/p>\n<p style=\"text-align: left;\"><span style=\"font-weight: 400;\">Coordena\u00e7\u00e3o de Produ\u00e7\u00e3o do Parque Santana e Apresenta\u00e7\u00f5es externas: <\/span><b>Luiz Barbosa<\/b><\/p>\n<p style=\"text-align: left;\"><span style=\"font-weight: 400;\">Produ\u00e7\u00e3o do Ciclo Formativo: <\/span><b>Malu Vieira<\/b><\/p>\n<p style=\"text-align: left;\"><span style=\"font-weight: 400;\">Coordena\u00e7\u00e3o de Luz:<\/span><b> Jo\u00e3o Guilherme de Paula<\/b><\/p>\n<p style=\"text-align: left;\"><span style=\"font-weight: 400;\">Coordena\u00e7\u00e3o de Som:<\/span><b> Alb\u00e9rico J\u00fanior<\/b><\/p>\n<p style=\"text-align: left;\"><span style=\"font-weight: 400;\">Equipe de<\/span> <span style=\"font-weight: 400;\">Produ\u00e7\u00e3o: <\/span><b>Pedro Pessoa e Raquel Campello<\/b><\/p>\n<p style=\"text-align: left;\"><span style=\"font-weight: 400;\">Equipe de Apoio:<\/span><b> Assis Francisco e Lucas Silva<\/b><\/p>\n<p>Bilheteria:<b> Monike Correia, Anny Ferreira e Adriana Lima<\/b><\/p>\n<p style=\"text-align: left;\"><span style=\"font-weight: 400;\">Assist\u00eancia equipe Luz:<\/span><b> Cleison Ramos<\/b><\/p>\n<p style=\"text-align: left;\"><span style=\"font-weight: 400;\">Coordena\u00e7\u00e3o de Comunica\u00e7\u00e3o e Assessoria de Imprensa: <\/span><b>Juliana Salvador<\/b><\/p>\n<p style=\"text-align: left;\"><span style=\"font-weight: 400;\">Identidade visual e Design: <\/span><b>Paulo Cabral, Filipe Aca e Malu Vidal<\/b><\/p>\n<p style=\"text-align: left;\"><span style=\"font-weight: 400;\">Ilustra\u00e7\u00f5es:<\/span><b>\u00a0Raoni Assis<\/b><\/p>\n<p style=\"text-align: left;\"><span style=\"font-weight: 400;\">Tr\u00e1fego Pago: <\/span><b>Thiago Werneck<\/b><\/p>\n<p style=\"text-align: left;\"><span style=\"font-weight: 400;\">Site: <\/span><b>Jorge Cal\u00e7ado<\/b><\/p>\n<p style=\"text-align: left;\"><span style=\"font-weight: 400;\">Cobertura Fotogr\u00e1fica:<\/span><b> Morgana Narjara e Luiz Felipe Bessa\u00a0<\/b><\/p>\n<p style=\"text-align: left;\"><span style=\"font-weight: 400;\">Cobertura Audiovisual e edi\u00e7\u00e3o: <\/span><b>Ronny Colors e Simon Filmes<\/b><\/p>\n<p style=\"text-align: left;\"><span style=\"font-weight: 400;\">Produ\u00e7\u00e3o Feirinha Criativa e Food: Park <\/span><b>Andr\u00e9 Leite \/ Feira na Laje<\/b><\/p>\n<p style=\"text-align: left;\"><span style=\"font-weight: 400;\">Transporte:<\/span><b> Verdes Mares, Bruno Miranda, Rafael Cezino e Marcio Espindola.<\/b><\/p>\n","protected":false},"excerpt":{"rendered":"<p>Curadoria e Dire\u00e7\u00e3o Geral: Danielle Hoover Dire\u00e7\u00e3o de Produ\u00e7\u00e3o e Coordena\u00e7\u00e3o T\u00e9cnica: Karina Hoover Produ\u00e7\u00e3o Executiva: Luni Produ\u00e7\u00f5es Coordena\u00e7\u00e3o de Projetos Internacionais: Jean-Marc\u00a0Broqua e H\u00e9l\u00e8ne\u00a0M\u00e9taili\u00e9 Produ\u00e7\u00e3o de Log\u00edstica e base: Kari Lopes e Kayse Braga Produ\u00e7\u00e3o do Centro Apolo-Hermilo e Parque Santana: Mirelly Madah Coordena\u00e7\u00e3o T\u00e9cnica Circense: B\u00f3ris Trindade Jr. <a class=\"leiamais\" href=\"https:\/\/www.festivaldecircodobrasil.com.br\/2025bra\/quem-faz\/\">LER NOT\u00cdCIA<\/a><\/p>\n","protected":false},"author":1,"featured_media":0,"parent":0,"menu_order":0,"comment_status":"closed","ping_status":"closed","template":"","meta":{"_acf_changed":false,"footnotes":""},"class_list":["post-7667","page","type-page","status-publish","hentry","active"],"acf":[],"_links":{"self":[{"href":"https:\/\/www.festivaldecircodobrasil.com.br\/2025bra\/wp-json\/wp\/v2\/pages\/7667","targetHints":{"allow":["GET"]}}],"collection":[{"href":"https:\/\/www.festivaldecircodobrasil.com.br\/2025bra\/wp-json\/wp\/v2\/pages"}],"about":[{"href":"https:\/\/www.festivaldecircodobrasil.com.br\/2025bra\/wp-json\/wp\/v2\/types\/page"}],"author":[{"embeddable":true,"href":"https:\/\/www.festivaldecircodobrasil.com.br\/2025bra\/wp-json\/wp\/v2\/users\/1"}],"replies":[{"embeddable":true,"href":"https:\/\/www.festivaldecircodobrasil.com.br\/2025bra\/wp-json\/wp\/v2\/comments?post=7667"}],"version-history":[{"count":17,"href":"https:\/\/www.festivaldecircodobrasil.com.br\/2025bra\/wp-json\/wp\/v2\/pages\/7667\/revisions"}],"predecessor-version":[{"id":18845,"href":"https:\/\/www.festivaldecircodobrasil.com.br\/2025bra\/wp-json\/wp\/v2\/pages\/7667\/revisions\/18845"}],"wp:attachment":[{"href":"https:\/\/www.festivaldecircodobrasil.com.br\/2025bra\/wp-json\/wp\/v2\/media?parent=7667"}],"curies":[{"name":"wp","href":"https:\/\/api.w.org\/{rel}","templated":true}]}}

<p style="text-align: left;"><span style="font-weight: 400;">Curadoria e Direção Geral: </span><b>Danielle Hoover</b></p>
<p style="text-align: left;"><span style="font-weight: 400;">Direção de Produção e Coordenação Técnica:</span><b> Karina Hoover</b></p>
<p style="text-align: left;"><span style="font-weight: 400;">Produção Executiva: </span><b>Luni Produções</b></p>
<p style="text-align: left;"><span style="font-weight: 400;">Coordenação de Projetos Internacionais:</span><b> Jean-Marc Broqua e Hélène Métailié</b></p>
<p style="text-align: left;"><span style="font-weight: 400;">Produção de Logística e base: </span><b>Kari Lopes e Kayse Braga</b></p>
<p style="text-align: left;"><span style="font-weight: 400;">Produção do Centro Apolo-Hermilo e Parque Santana: </span><b>Mirelly</b> <b>Madah</b></p>
<p style="text-align: left;"><span style="font-weight: 400;">Coordenação Técnica Circense: </span><b>Bóris Trindade Jr.</b></p>
<p style="text-align: left;"><span style="font-weight: 400;">Montagem circense:</span><b> Eduardo Autran</b></p>
<p style="text-align: left;"><span style="font-weight: 400;">Coordenação de Produção do Parque Santana e Apresentações externas: </span><b>Luiz Barbosa</b></p>
<p style="text-align: left;"><span style="font-weight: 400;">Produção do Ciclo Formativo: </span><b>Malu Vieira</b></p>
<p style="text-align: left;"><span style="font-weight: 400;">Coordenação de Luz:</span><b> João Guilherme de Paula</b></p>
<p style="text-align: left;"><span style="font-weight: 400;">Coordenação de Som:</span><b> Albérico Júnior</b></p>
<p style="text-align: left;"><span style="font-weight: 400;">Equipe de</span> <span style="font-weight: 400;">Produção: </span><b>Pedro Pessoa e Raquel Campello</b></p>
<p style="text-align: left;"><span style="font-weight: 400;">Equipe de Apoio:</span><b> Assis Francisco e Lucas Silva</b></p>
<p>Bilheteria:<b> Monike Correia, Anny Ferreira e Adriana Lima</b></p>
<p style="text-align: left;"><span style="font-weight: 400;">Assistência equipe Luz:</span><b> Cleison Ramos</b></p>
<p style="text-align: left;"><span style="font-weight: 400;">Coordenação de Comunicação e Assessoria de Imprensa: </span><b>Juliana Salvador</b></p>
<p style="text-align: left;"><span style="font-weight: 400;">Identidade visual e Design: </span><b>Paulo Cabral, Filipe Aca e Malu Vidal</b></p>
<p style="text-align: left;"><span style="font-weight: 400;">Ilustrações:</span><b> Raoni Assis</b></p>
<p style="text-align: left;"><span style="font-weight: 400;">Tráfego Pago: </span><b>Thiago Werneck</b></p>
<p style="text-align: left;"><span style="font-weight: 400;">Site: </span><b>Jorge Calçado</b></p>
<p style="text-align: left;"><span style="font-weight: 400;">Cobertura Fotográfica:</span><b> Morgana Narjara e Luiz Felipe Bessa </b></p>
<p style="text-align: left;"><span style="font-weight: 400;">Cobertura Audiovisual e edição: </span><b>Ronny Colors e Simon Filmes</b></p>
<p style="text-align: left;"><span style="font-weight: 400;">Produção Feirinha Criativa e Food: Park </span><b>André Leite / Feira na Laje</b></p>
<p style="text-align: left;"><span style="font-weight: 400;">Transporte:</span><b> Verdes Mares, Bruno Miranda, Rafael Cezino e Marcio Espindola.</b></p>

<p>Curadoria e Direção Geral: Danielle Hoover Direção de Produção e Coordenação Técnica: Karina Hoover Produção Executiva: Luni Produções Coordenação de Projetos Internacionais: Jean-Marc Broqua e Hélène Métailié Produção de Logística e base: Kari Lopes e Kayse Braga Produção do Centro Apolo-Hermilo e Parque Santana: Mirelly Madah Coordenação Técnica Circense: Bóris Trindade Jr. <a class="leiamais" href="https://www.festivaldecircodobrasil.com.br/2025bra/quem-faz/">LER NOTÍCIA</a></p>
