{"id":82,"date":"2022-10-27T16:37:35","date_gmt":"2022-10-27T19:37:35","guid":{"rendered":"https:\/\/www.festivaldecircodobrasil.com.br\/2025bra\/?page_id=82"},"modified":"2025-09-22T21:33:34","modified_gmt":"2025-09-23T00:33:34","slug":"o-festival","status":"publish","type":"page","link":"https:\/\/www.festivaldecircodobrasil.com.br\/2025bra\/o-festival\/","title":{"rendered":"O FESTIVAL"},"content":{"rendered":"<p>O Festival de Circo do Brasil chega a sua 19\u00aa edi\u00e7\u00e3o e pretende acender diferentes perspectivas e fomentar novas ideias sobre o circo e seus atravessamentos na contemporaneidade, trazendo refer\u00eancias, promovendo trocas entre artistas, t\u00e9cnicos, estudantes e plateia. Busca a expans\u00e3o do circo enquanto arte transdisciplinar com outras linguagens art\u00edsticas. O eixo curatorial \u201cAldeia de Tous\u201d (Aldeia de Todos), traz os temas sustentabilidade e democracia para o picadeiro e tem como inspira\u00e7\u00e3o a obra do ambientalista e fil\u00f3sofo brasileiro Ailton Krenak.<\/p>\n<p>Neste ano, al\u00e9m de acontecer em Pernambuco,o evento vai cruzar o Atl\u00e2ntico com uma programa\u00e7\u00e3o especial na Fran\u00e7a. Espet\u00e1culos, oficinas, resid\u00eancias, m\u00fasica e gastronomia do Brasil no pa\u00eds franc\u00eas. Esse interc\u00e2mbio \u00e9 fruto de uma parceria firmada entre a Luni Produ\u00e7\u00f5es e a La Grainerie &#8211; uma f\u00e1brica de circo e artes itinerantes dedicada ao desenvolvimento do setor.<\/p>\n<p>O projeto foi contemplado no edital para a Temporada Cruzada Brasil-Fran\u00e7a \/ Saison Crois\u00e9\u00e9 France-Br\u00e9sil 2025 e conta com apoio cultural da Funarte, Minist\u00e9rio da Cultura, Instituto Guimar\u00e3es Rosa, Institut Fran\u00e7ais, Embaixada da Fran\u00e7a no Brasil, Consulado Geral da Fran\u00e7a em Recife, Governo de Pernambuco e Prefeitura do Recife.<\/p>\n<p><iframe loading=\"lazy\" title=\"Festival de Circo do Brasil . Aldeia de Tous 2025 [BRA\/FRA]\" width=\"500\" height=\"281\" src=\"https:\/\/www.youtube.com\/embed\/krBonOhQed4?feature=oembed\" frameborder=\"0\" allow=\"accelerometer; autoplay; clipboard-write; encrypted-media; gyroscope; picture-in-picture; web-share\" referrerpolicy=\"strict-origin-when-cross-origin\" allowfullscreen><\/iframe><\/p>\n","protected":false},"excerpt":{"rendered":"<p>O Festival de Circo do Brasil chega a sua 19\u00aa edi\u00e7\u00e3o e pretende acender diferentes perspectivas e fomentar novas ideias sobre o circo e seus atravessamentos na contemporaneidade, trazendo refer\u00eancias, promovendo trocas entre artistas, t\u00e9cnicos, estudantes e plateia. Busca a expans\u00e3o do circo enquanto arte transdisciplinar com outras linguagens art\u00edsticas. <a class=\"leiamais\" href=\"https:\/\/www.festivaldecircodobrasil.com.br\/2025bra\/o-festival\/\">LER NOT\u00cdCIA<\/a><\/p>\n","protected":false},"author":1,"featured_media":0,"parent":0,"menu_order":0,"comment_status":"closed","ping_status":"closed","template":"","meta":{"_acf_changed":false,"footnotes":""},"class_list":["post-82","page","type-page","status-publish","hentry","active"],"acf":[],"_links":{"self":[{"href":"https:\/\/www.festivaldecircodobrasil.com.br\/2025bra\/wp-json\/wp\/v2\/pages\/82","targetHints":{"allow":["GET"]}}],"collection":[{"href":"https:\/\/www.festivaldecircodobrasil.com.br\/2025bra\/wp-json\/wp\/v2\/pages"}],"about":[{"href":"https:\/\/www.festivaldecircodobrasil.com.br\/2025bra\/wp-json\/wp\/v2\/types\/page"}],"author":[{"embeddable":true,"href":"https:\/\/www.festivaldecircodobrasil.com.br\/2025bra\/wp-json\/wp\/v2\/users\/1"}],"replies":[{"embeddable":true,"href":"https:\/\/www.festivaldecircodobrasil.com.br\/2025bra\/wp-json\/wp\/v2\/comments?post=82"}],"version-history":[{"count":2,"href":"https:\/\/www.festivaldecircodobrasil.com.br\/2025bra\/wp-json\/wp\/v2\/pages\/82\/revisions"}],"predecessor-version":[{"id":17572,"href":"https:\/\/www.festivaldecircodobrasil.com.br\/2025bra\/wp-json\/wp\/v2\/pages\/82\/revisions\/17572"}],"wp:attachment":[{"href":"https:\/\/www.festivaldecircodobrasil.com.br\/2025bra\/wp-json\/wp\/v2\/media?parent=82"}],"curies":[{"name":"wp","href":"https:\/\/api.w.org\/{rel}","templated":true}]}}

<p>O Festival de Circo do Brasil chega a sua 19ª edição e pretende acender diferentes perspectivas e fomentar novas ideias sobre o circo e seus atravessamentos na contemporaneidade, trazendo referências, promovendo trocas entre artistas, técnicos, estudantes e plateia. Busca a expansão do circo enquanto arte transdisciplinar com outras linguagens artísticas. O eixo curatorial “Aldeia de Tous” (Aldeia de Todos), traz os temas sustentabilidade e democracia para o picadeiro e tem como inspiração a obra do ambientalista e filósofo brasileiro Ailton Krenak.</p>
<p>Neste ano, além de acontecer em Pernambuco,o evento vai cruzar o Atlântico com uma programação especial na França. Espetáculos, oficinas, residências, música e gastronomia do Brasil no país francês. Esse intercâmbio é fruto de uma parceria firmada entre a Luni Produções e a La Grainerie &#8211; uma fábrica de circo e artes itinerantes dedicada ao desenvolvimento do setor.</p>
<p>O projeto foi contemplado no edital para a Temporada Cruzada Brasil-França / Saison Croiséé France-Brésil 2025 e conta com apoio cultural da Funarte, Ministério da Cultura, Instituto Guimarães Rosa, Institut Français, Embaixada da França no Brasil, Consulado Geral da França em Recife, Governo de Pernambuco e Prefeitura do Recife.</p>
<p><iframe loading="lazy" title="Festival de Circo do Brasil . Aldeia de Tous 2025 [BRA/FRA]" width="500" height="281" src="https://www.youtube.com/embed/krBonOhQed4?feature=oembed" frameborder="0" allow="accelerometer; autoplay; clipboard-write; encrypted-media; gyroscope; picture-in-picture; web-share" referrerpolicy="strict-origin-when-cross-origin" allowfullscreen></iframe></p>

<p>O Festival de Circo do Brasil chega a sua 19ª edição e pretende acender diferentes perspectivas e fomentar novas ideias sobre o circo e seus atravessamentos na contemporaneidade, trazendo referências, promovendo trocas entre artistas, técnicos, estudantes e plateia. Busca a expansão do circo enquanto arte transdisciplinar com outras linguagens artísticas. <a class="leiamais" href="https://www.festivaldecircodobrasil.com.br/2025bra/o-festival/">LER NOTÍCIA</a></p>
